{"id":219,"date":"2025-09-11T15:25:08","date_gmt":"2025-09-11T15:25:08","guid":{"rendered":"https:\/\/for-mont.pl\/?post_type=product&#038;p=219"},"modified":"2025-09-11T15:36:47","modified_gmt":"2025-09-11T15:36:47","slug":"drzwi-ppoz","status":"publish","type":"product","link":"https:\/\/for-mont.pl\/?product=drzwi-ppoz","title":{"rendered":"Drzwi PPO\u017b"},"content":{"rendered":"<p>\ud83d\udc49 Zapraszamy do przedstawienia indywidualnej oferty w naszym biurze oraz telefonicznie.<\/p>\n","protected":false},"excerpt":{"rendered":"<p data-start=\"2025\" data-end=\"2303\">Drzwi przeciwpo\u017carowe (PPO\u017b) to kluczowy element zabezpieczenia budynk\u00f3w u\u017cyteczno\u015bci publicznej, biurowc\u00f3w, hal produkcyjnych czy magazyn\u00f3w. Ich g\u0142\u00f3wnym zadaniem jest zapewnienie bezpiecze\u0144stwa poprzez ograniczenie rozprzestrzeniania si\u0119 ognia i dymu w sytuacjach zagro\u017cenia.<\/p>\n<p data-start=\"2305\" data-end=\"2622\">Wykonane z materia\u0142\u00f3w o wysokiej odporno\u015bci ogniowej, drzwi PPO\u017b spe\u0142niaj\u0105 rygorystyczne normy bezpiecze\u0144stwa. Odpowiednio dobrane zamki, zawiasy i uszczelki ogniochronne sprawiaj\u0105, \u017ce drzwi te stanowi\u0105 niezawodn\u0105 barier\u0119 ochronn\u0105. Dzi\u0119ki nim mo\u017cliwe jest zyskanie cennego czasu na ewakuacj\u0119 ludzi i ochron\u0119 mienia.<\/p>\n<p data-start=\"2624\" data-end=\"2904\">Oferujemy drzwi PPO\u017b w r\u00f3\u017cnych klasach odporno\u015bci ogniowej, z mo\u017cliwo\u015bci\u0105 dostosowania wygl\u0105du i wymiar\u00f3w do specyfiki budynku. To po\u0142\u0105czenie bezpiecze\u0144stwa z funkcjonalno\u015bci\u0105 i estetyk\u0105.<\/p>\n","protected":false},"featured_media":220,"template":"","meta":[],"product_brand":[],"product_cat":[18],"product_tag":[],"class_list":{"0":"post-219","1":"product","2":"type-product","3":"status-publish","4":"has-post-thumbnail","6":"product_cat-drzwi","8":"first","9":"instock","10":"shipping-taxable","11":"product-type-simple"},"_links":{"self":[{"href":"https:\/\/for-mont.pl\/index.php?rest_route=\/wp\/v2\/product\/219","targetHints":{"allow":["GET"]}}],"collection":[{"href":"https:\/\/for-mont.pl\/index.php?rest_route=\/wp\/v2\/product"}],"about":[{"href":"https:\/\/for-mont.pl\/index.php?rest_route=\/wp\/v2\/types\/product"}],"wp:featuredmedia":[{"embeddable":true,"href":"https:\/\/for-mont.pl\/index.php?rest_route=\/wp\/v2\/media\/220"}],"wp:attachment":[{"href":"https:\/\/for-mont.pl\/index.php?rest_route=%2Fwp%2Fv2%2Fmedia&parent=219"}],"wp:term":[{"taxonomy":"product_brand","embeddable":true,"href":"https:\/\/for-mont.pl\/index.php?rest_route=%2Fwp%2Fv2%2Fproduct_brand&post=219"},{"taxonomy":"product_cat","embeddable":true,"href":"https:\/\/for-mont.pl\/index.php?rest_route=%2Fwp%2Fv2%2Fproduct_cat&post=219"},{"taxonomy":"product_tag","embeddable":true,"href":"https:\/\/for-mont.pl\/index.php?rest_route=%2Fwp%2Fv2%2Fproduct_tag&post=219"}],"curies":[{"name":"wp","href":"https:\/\/api.w.org\/{rel}","templated":true}]}}