{"id":204,"date":"2025-09-11T14:57:20","date_gmt":"2025-09-11T14:57:20","guid":{"rendered":"https:\/\/for-mont.pl\/?post_type=product&#038;p=204"},"modified":"2025-09-11T15:18:31","modified_gmt":"2025-09-11T15:18:31","slug":"okna-aluminiowe-kopia","status":"publish","type":"product","link":"https:\/\/for-mont.pl\/?product=okna-aluminiowe-kopia","title":{"rendered":"Systemy przesuwne"},"content":{"rendered":"<p>\ud83d\udc49 Zapraszamy do przedstawienia indywidualnej oferty w naszym biurze oraz telefonicznie.<\/p>\n","protected":false},"excerpt":{"rendered":"<p data-start=\"2296\" data-end=\"2621\">Systemy przesuwne to nowoczesne rozwi\u0105zanie, kt\u00f3re pozwala otworzy\u0107 przestrze\u0144 i w pe\u0142ni po\u0142\u0105czy\u0107 wn\u0119trze z tarasem, ogrodem czy balkonem. Dzi\u0119ki du\u017cym przeszkleniom wn\u0119trza staj\u0105 si\u0119 jasne i pe\u0142ne naturalnego \u015bwiat\u0142a, a jednocze\u015bnie zyskuj\u0105 wyj\u0105tkowy charakter. To idealna propozycja dla nowoczesnych dom\u00f3w i apartament\u00f3w.<\/p>\n<p data-start=\"2623\" data-end=\"2879\">Ich zalet\u0105 jest \u0142atwo\u015b\u0107 obs\u0142ugi \u2013 nawet przy du\u017cych rozmiarach skrzyde\u0142 mechanizmy przesuwne dzia\u0142aj\u0105 lekko i p\u0142ynnie. Specjalne rozwi\u0105zania konstrukcyjne zapewniaj\u0105 wysoki poziom szczelno\u015bci, chroni\u0105c wn\u0119trze przed utrat\u0105 ciep\u0142a oraz ha\u0142asem z zewn\u0105trz.<\/p>\n<p data-start=\"2881\" data-end=\"3256\">Systemy przesuwne s\u0105 dost\u0119pne w r\u00f3\u017cnych wariantach \u2013 od klasycznych drzwi tarasowych po zaawansowane systemy HST. Mo\u017cliwo\u015b\u0107 indywidualnego dopasowania rozmiaru, kolorystyki i rodzaju szklenia sprawia, \u017ce stanowi\u0105 funkcjonalne i estetyczne uzupe\u0142nienie ka\u017cdego nowoczesnego projektu.<\/p>\n","protected":false},"featured_media":206,"template":"","meta":[],"product_brand":[],"product_cat":[17],"product_tag":[],"class_list":{"0":"post-204","1":"product","2":"type-product","3":"status-publish","4":"has-post-thumbnail","6":"product_cat-okna","8":"first","9":"instock","10":"shipping-taxable","11":"product-type-simple"},"_links":{"self":[{"href":"https:\/\/for-mont.pl\/index.php?rest_route=\/wp\/v2\/product\/204","targetHints":{"allow":["GET"]}}],"collection":[{"href":"https:\/\/for-mont.pl\/index.php?rest_route=\/wp\/v2\/product"}],"about":[{"href":"https:\/\/for-mont.pl\/index.php?rest_route=\/wp\/v2\/types\/product"}],"wp:featuredmedia":[{"embeddable":true,"href":"https:\/\/for-mont.pl\/index.php?rest_route=\/wp\/v2\/media\/206"}],"wp:attachment":[{"href":"https:\/\/for-mont.pl\/index.php?rest_route=%2Fwp%2Fv2%2Fmedia&parent=204"}],"wp:term":[{"taxonomy":"product_brand","embeddable":true,"href":"https:\/\/for-mont.pl\/index.php?rest_route=%2Fwp%2Fv2%2Fproduct_brand&post=204"},{"taxonomy":"product_cat","embeddable":true,"href":"https:\/\/for-mont.pl\/index.php?rest_route=%2Fwp%2Fv2%2Fproduct_cat&post=204"},{"taxonomy":"product_tag","embeddable":true,"href":"https:\/\/for-mont.pl\/index.php?rest_route=%2Fwp%2Fv2%2Fproduct_tag&post=204"}],"curies":[{"name":"wp","href":"https:\/\/api.w.org\/{rel}","templated":true}]}}